.
3, 13
Let g(t) = 52*t**2 - 64*t - 386. What are the prime factors of g(-6)?
2, 5, 11, 17
Suppose -4*n + 2*w = -8832, -10*w = 3*n - 12*w - 6623. What are the prime factors of n?
47
Suppose -2*j - 2*c + 68 = 0, 5*c + 91 = 3*j - 51. What are the prime factors of j?
3, 13
Let c(o) = o**3 + 12*o**2 + 10*o + 7. Let b be c(-6). Suppose 4*t + z - b = 0, 4*t + 5*z - 175 = -0*z. List the prime factors of t.
2, 5
Suppose -3*r = -4*f + 435, 210 + 4 = 2*f + 2*r. Let z be f/26 + (-4)/26. Let g = z + 6. What are the prime factors of g?
2, 5
Suppose -20 = -4*c, 3*b + 146*c = 141*c + 376. List the prime factors of b.
3, 13
Suppose 3*f + 3*k = 1381 + 497, -2*f + 4*k + 1246 = 0. What are the prime factors of f?
5
Let x = 454 - 197. What are the prime factors of x?
257
Let a(n) = 74*n**2 - n - 34. What are the prime factors of a(-7)?
59, 61
Suppose 16*x - 219 = 14*x - 5*k, -5*k + 5 = 0. What are the prime factors of x?
107
Suppose 0 = -5*s - 21 + 31. Suppose s*k - 60 = -4*f, 7*k = 2*k - 2*f + 142. List the prime factors of k.
2, 7
Suppose -2*h - 4*m + 372 = 0, 2*h - 380 = 4*m - 0*m. List the prime factors of h.
2, 47
Suppose -258*c + 257*c = -2973. What are the prime factors of c?
3, 991
Let q(c) = c**3 + 3*c**2 - 2*c - 4. Let v be q(-3). List the prime factors of v/(-4)*-8 + 41.
3, 5
Let a be (-1 - -2)/((-1)/7). Let w = -111 - -64. Let n = a - w. List the prime factors of n.
2, 5
Let o be (-5)/(-2)*(-1 - -9). What are the prime factors of (-2*96/10)/((-3)/o)?
2
Suppose 426 = 5*o - 3*z - 3234, -2928 = -4*o + 4*z. List the prime factors of o.
2, 3, 61
Let k(i) be the first derivative of 19*i**3/3 - 5*i**2/2 + 5*i - 12. List the prime factors of k(2).
71
Let w(i) = 11*i + 1. Let p be w(-1). Let o be 60/p*(-10)/(-4). What are the prime factors of 9/o + 88/5?
17
Suppose 5*z + 1627 = 4597. What are the prime factors of z?
2, 3, 11
Suppose 0 = -2*d - 5*r + 296 - 103, 5*r = d - 89. Suppose 0 = 4*t - d - 18. Suppose 26*o = t*o - 80. List the prime factors of o.
2, 5
List the prime factors of (-2 - 24/(-6)) + 906.
2, 227
Suppose 144*z - 32589 = 127*z. List the prime factors of z.
3, 71
Suppose 1 - 13 = -3*c. Let k be 9/c - 1/4. Suppose -4*z + k*i = -22, -28 = -5*z + i + 7. What are the prime factors of z?
2
Suppose -2*v - d - 11 = 0, v - 5 = 4*d + 3. List the prime factors of (v/(-10))/(14/980).
2, 7
Suppose -6*u + 2528 = -22*u. Let q = -126 - u. What are the prime factors of q?
2
Let x be -1 - (8/(-4))/2. Suppose x = -2*f - 7 + 23. What are the prime factors of f?
2
Let g(w) = 3*w + 64. What are the prime factors of g(51)?
7, 31
Let m = 284 - 151. What are the prime factors of m?
7, 19
Suppose 3*o = 3*f - 9, 4*f - 3 - 13 = 2*o. Let l(m) = 8*m + 24. What are the prime factors of l(f)?
2
Let d(j) = j + 6*j**3 + 3 - 4*j - 6*j**2 - 5*j**3. What are the prime factors of d(7)?
31
Suppose 22 = -2*m - 2*o, 5*m + o - 6 + 41 = 0. List the prime factors of (80/6)/((-2)/m).
2, 5
Suppose 7*j = -4*j + 9768. What are the prime factors of j?
2, 3, 37
Let t = -21 - -26. Suppose t*n = -3*s + 344, -3*n + 3*s + 189 = -s. List the prime factors of n.
67
Let x = 598 + -398. What are the prime factors of x?
2, 5
Let o = -97 + 35. Let y = o - -250. List the prime factors of y.
2, 47
Suppose 0*t + 36 = 3*t. Suppose 3*m = -m + t. Suppose 3*p + m = 4*i + 60, -p + 19 = 5*i. What are the prime factors of p?
19
Let q(o) = o**3 + 33*o**2 - 14*o + 54. List the prime factors of q(-31).
2, 5, 241
Suppose -2*d + 58*r = 60*r - 4496, 0 = 4*d + 2*r - 8994. List the prime factors of d.
13, 173
Suppose 2*b - 19 + 7 = 0. What are the prime factors of -1*(-1)/2*b - -106?
109
Let k(x) = -3*x**3 - 2*x**2 - x - 1. Let s be k(2). List the prime factors of 3 + ((-42)/s)/((-6)/(-20)).
7
Let n be (-1677)/(-5) + 10/(-25). Suppose 14*x = 9*x + n. Suppose -3*g + b = -x, -2*g + b + 75 - 31 = 0. List the prime factors of g.
23
Suppose -402*b + 397*b + 1575 = 0. List the prime factors of b.
3, 5, 7
Let s(r) = r**3 - 6*r**2 - 9*r + 17. Let i be s(7). Let b be 3/(0 + (-1 - -2)). Suppose 3*z = -b*c + 15, -5*c - i*z = 15 - 36. What are the prime factors of c?
3
Suppose -24*z + 25*z = 180. What are the prime factors of 4/5*z/(3 - 0)?
2, 3
Suppose -2*w + 260 = -3*o - 1115, -3*o = -3*w + 2064. Suppose 1327 = 9*l - w. What are the prime factors of l?
2, 7
Let d = -267 - -543. List the prime factors of d.
2, 3, 23
Let p = 65 + 362. List the prime factors of p.
7, 61
Let b = 23 + 45. Suppose 3*t + 79 = -26. Let j = t + b. List the prime factors of j.
3, 11
Let w(r) = 8*r**2 + 17*r**2 - 8*r**2 + 61 + 4*r - 45. List the prime factors of w(-3).
157
Suppose 22*c - 15381 - 17575 = 0. List the prime factors of c.
2, 7, 107
Suppose 8*j = 10*j + 5*p - 1872, -5*p - 2758 = -3*j. List the prime factors of j.
2, 463
Let n = 75 + -89. Let w(z) = 3*z**2 + 29*z + 3. What are the prime factors of w(n)?
5, 37
Let y be 3/(-3)*2 + 74. List the prime factors of ((-37)/(-4))/(18/y).
37
What are the prime factors of (-3)/((-3)/(-964)*-4)?
241
Suppose 80546 + 100192 = 54*f. List the prime factors of f.
3347
Let b(i) be the first derivative of i**5/120 + i**4/8 - 5*i**3/3 - 9. Let u(j) be the third derivative of b(j). List the prime factors of u(12).
3, 5
Suppose -5*c + c + 60 = 0. Let z = 80 - c. List the prime factors of z.
5, 13
What are the prime factors of (9 - 15/35)/((-4)/(-490))?
2, 3, 5, 7
Suppose -4*b = -335 + 3. Suppose 6*p - p = 0. Suppose 5*i - b - 52 = p. List the prime factors of i.
3
Let o(y) = 48*y**2 - 2*y - 1. Let w be o(-1). Suppose -1456 - w = -7*q. What are the prime factors of q?
5, 43
Let u be (-33)/(-5) - 3/5. Let c(n) = 2*n + 14. Let f be c(-6). Suppose 5*j - w + 2*w = u, -j - f = w. What are the prime factors of j?
2
Let z(l) = 20*l**2 + 34*l + 18. List the prime factors of z(-6).
2, 3, 89
What are the prime factors of -7 + -1 - -16 - -640?
2, 3
Suppose -3*h - m + 18 = -36, -5*m - 19 = -2*h. Let s = h - 10. Let x = 65 + s. What are the prime factors of x?
2, 3
Let g = 14 + 541. What are the prime factors of g?
3, 5, 37
Let k(f) = -f**2 + 0*f**2 + 3 - 468*f + 466*f. Let q(v) = -v + 2. Let u be q(2). What are the prime factors of k(u)?
3
What are the prime factors of (-253045)/(-39)*18/30?
17, 229
What are the prime factors of 3 + -8 + 212 + -3?
2, 3, 17
List the prime factors of 1*(-7)/(14/(-8614)).
59, 73
Let l = 189 - 56. Suppose x - 4 - 65 = -q, 2*q = 3*x + l. What are the prime factors of q?
2, 17
Suppose 0 = j + 2*c - 36, -c - 108 = -6*j + 2*j. Suppose 2*d = -12 - j. Let w = d - -29. What are the prime factors of w?
3
Let u(g) = -2*g + 3*g - 6 - 6 + 2. Let z be u(14). Let p(j) = -j**3 + 6*j**2 - 5*j + 4. What are the prime factors of p(z)?
2
Let q = -41 + 39. What are the prime factors of ((-6)/9)/(q/210)?
2, 5, 7
Let p(r) = -2*r**2 + 1. Let m be p(2). Let q = m - -9. Suppose -270 = -4*f - q*f. What are the prime factors of f?
3, 5
Suppose -8*s = -3*s + 15. Let g be (2 + s + 1)*1. Suppose 5*r - 2*r - 144 = g. List the prime factors of r.
2, 3
Let g(f) = -28*f**2 - 464*f - 10. What are the prime factors of g(-11)?
2, 853
Suppose -3*h + 21 = -5*b - 10, 0 = 3*h - b - 11. Suppose -a - 2 = -5. Suppose 2*d + 2*y - 95 = -a*d, 0 = d - h*y - 31. List the prime factors of d.
3, 7
Let i(t) = 4*t - 11. Let c be i(4). Suppose 4*f - 5*f - c*s = -31, -4*f = 2*s - 160. List the prime factors of f.
41
Let f(o) = 23*o - 48. Suppose -52 = -4*a - 4*m, -4*a + 2*m + 38 = -m. What are the prime factors of f(a)?
5, 41
Let w be 4/((-12)/(-13)) - (-2)/(-6). List the prime factors of 3 - (72/10)/(w/(-50)).
3, 31
Let i be (10/45)/((-1)/(-9)). Suppose 3*x - 20 = -y + i*y, -x = 3*y. Let r = x - -5. What are the prime factors of r?
11
Let i = -42 + 18. Let a = i + 48. List the prime factors of a.
2, 3
Let u = 109 - -425. What are the prime factors of u?
2, 3, 89
Suppose -k = q - 450, 2*k - 3*q - 477 = 413. List the prime factors of k.
2, 7
Let g = -51 - -11. Let u be 4/(-10) + (-176)/g. List the prime factors of u*(0 - 11/(-4)).
11
Suppose -8*u = -2 + 18. List the prime factors of (-1)/((-6)/891) - u/(-4).
2, 37
Let s(y) = y**3 + 15*y**2 + 44*y - 3*y**3 - 2 + y**3 - 63*y. List the prime factors of s(13).
89
Let c = 1228 + 1219. What are the prime factors of c?
2447
Suppose 2*j - 44 = 2*l + 236, 3*j - 410 = 5*l. Suppose -j = -g - 50. List the prime fac